000
-10000101101 (base 2) to base 13
-643
11000111101100 (base 2) to base 14
492c
-232 (base 5) to base 11
-61
What is -4403 (base 6) in base 14?
-523
4310 (base 5) to base 10
580
Convert 4793 (base 10) to base 8.
11271
Convert -2a8 (base 14) to base 12.
-390
Convert -1319 (base 13) to base 2.
-101010100110
-6a6a (base 12) to base 4
-2321302
Convert 220331 (base 5) to base 3.
101102011
What is -1110010101000 (base 2) in base 11?
-556a
Convert -391 (base 13) to base 10.
-625
-314b1 (base 12) to base 3
-10021200021
Convert -102000010 (base 3) to base 13.
-3861
Convert -201011100 (base 3) to base 11.
-a549
What is -1a98 (base 15) in base 9?
-7818
Convert -5074 (base 14) to base 5.
-420242
-21030 (base 4) to base 10
-588
Convert 69 (base 16) to base 12.
89
efe8 (base 16) to base 10
61416
Convert 16630 (base 12) to base 6.
404100
What is -223301 (base 4) in base 11?
-2117
What is -20a2 (base 13) in base 4?
-1012232
-134 (base 15) to base 16
-112
521 (base 11) to base 13
394
602 (base 7) to base 2
100101000
Convert -47206 (base 8) to base 4.
-10322012
Convert 205 (base 10) to base 11.
177
What is 22444 (base 11) in base 13?
11a22
333 (base 7) to base 11
146
What is -12 (base 12) in base 5?
-24
What is -4540 (base 6) in base 10?
-1068
Convert 137742 (base 8) to base 9.
74340
1302232 (base 4) to base 12
42ba
What is -46d (base 15) in base 4?
-33223
What is 4200 (base 5) in base 4?
20212
Convert 15124 (base 7) to base 4.
1001113
22020 (base 5) to base 16
5e6
What is -33330 (base 4) in base 15?
-480
Convert -43254 (base 6) to base 4.
-1130302
2015 (base 7) to base 9
855
What is -42022 (base 5) in base 13?
-1346
What is -111221 (base 3) in base 9?
-457
-10001011010000 (base 2) to base 5
-241122
Convert -11055 (base 6) to base 16.
-60b
What is 32000 (base 4) in base 3?
1020012
-2201343 (base 5) to base 2
-1001001101011011
What is 1043 (base 11) in base 6?
10214
12e4 (base 15) to base 4
333013
Convert 12221 (base 3) to base 6.
424
Convert -73b6 (base 12) to base 7.
-51633
What is -121 (base 15) in base 7?
-514
-3002 (base 5) to base 9
-458
-241312 (base 7) to base 10
-43717
Convert -64d (base 15) to base 9.
-1851
-1737 (base 12) to base 7
-11050
What is -1020144 (base 6) in base 10?
-49312
1699c (base 13) to base 10
43393
1006 (base 7) to base 12
251
What is -22a06 (base 12) in base 10?
-46374
What is -441 (base 13) in base 11?
-603
Convert -6050 (base 7) to base 2.
-100000101101
-38780 (base 9) to base 4
-12120222
3311 (base 8) to base 15
7ac
What is 1331 (base 15) in base 14?
16c8
-1110000110110 (base 2) to base 7
-30025
13c00 (base 14) to base 2
1011111101101000
What is 4371 (base 8) in base 11?
17a9
What is 23003 (base 4) in base 13?
425
1011111000 (base 2) to base 13
466
-51b0 (base 16) to base 4
-11012300
-201011 (base 4) to base 10
-2117
a (base 14) to base 5
20
Convert 6a10 (base 14) to base 12.
a806
Convert 14315 (base 11) to base 4.
10331320
Convert 2db (base 14) to base 13.
360
Convert -5a3 (base 14) to base 8.
-2143
Convert 11333 (base 4) to base 16.
17f
What is -4aa (base 15) in base 14?
-55a
-21330313 (base 4) to base 14
-10bd5
101111111011011 (base 2) to base 6
305335
What is -238 (base 16) in base 2?
-1000111000
What is -16a1 (base 11) in base 14?
-b0c
-10c (base 15) to base 5
-1422
Convert -1280 (base 12) to base 15.
-95c
What is 36e (base 16) in base 4?
31232
1113133 (base 6) to base 14
167cd
-31311 (base 4) to base 16
-375
What is -10010001010 (base 2) in base 3?
-1121001
Convert -788 (base 12) to base 9.
-1465
Convert 6127 (base 13) to base 14.
4c40
What is 2010120 (base 4) in base 8?
20430
What is -93d (base 15) in base 4?
-200203
-1676 (base 8) to base 10
-958
329 (base 10) to base 15
16e
-1549 (base 11) to base 16
-7c5
What is 1011101100010 (base 2) in base 7?
23311
Convert -1100010001100 (base 2) to base 5.
-200114
-115041 (base 6) to base 4
-2133001
Convert -265 (base 8) to base 10.
-181
-1414111 (base 5) to base 14
-a957
Convert 4535a (base 11) to base 7.
362251
Convert -185a (base 11) to base 13.
-10cb
What is -c6e (base 15) in base 2?
-101011110100
Convert -35c0 (base 13) to base 3.
-101102012
Convert -37051 (base 9) to base 4.
-12010000
Convert -2150 (base 7) to base 9.
-1045
-13b0 (base 13) to base 12
-1793
What is -1247 (base 12) in base 15?
-931
What is -1011011011111 (base 2) in base 9?
-8025
Convert 254 (base 10) to base 11.
211
8843 (base 10) to base 15
2948
Convert -469 (base 15) to base 2.
-1111100111
What is 13405 (base 8) in base 10?
5893
What is 1122 (base 8) in base 5?
4334
Convert 114046 (base 8) to base 12.
1a65a
-36147 (base 9) to base 8
-57165
Convert -22c (base 14) to base 13.
-273
Convert -381 (base 15) to base 10.
-796
What is 120022020 (base 3) in base 4?
2232111
Convert 5146 (base 10) to base 12.
2b8a
Convert 212022210 (base 3) to base 4.
10021230
-1146a (base 12) to base 11
-16410
Convert -1122110 (base 3) to base 12.
-840
What is -2111 (base 3) in base 2?
-1000011
-2a9c (base 13) to base 4
-1201011
What is 1110011101111000 (base 2) in base 10?
59256
-2120001 (base 3) to base 16
-748
-10303 (base 8) to base 4
-1003003
Convert 3696 (base 11) to base 16.
12d8
Convert -3111221 (base 4) to base 6.
-143145
What is -5241 (base 7) in base 10?
-1842
-211 (base 10) to base 13
-133
-1204 (base 6) to base 11
-246
-1442 (base 6) to base 12
-282
Convert 111000101010 (base 2) to base 9.
4868
What is -1112201 (base 3) in base 8?
-2146
What is -14350 (base 7) in base 3?
-12102111
-4610 (base 7) to base 10
-1673
What is -68f7 (base 16) in base 13?
-c300
Convert -319 (base 12) to base 3.
-121210
What is -12201022 (base 3) in base 14?
-1738
Convert 20101120 (base 3) to base 7.
16404
Convert -16848 (base 9) to base 4.
-2311223
What is -1404322 (base 5) in base 9?
-43342
534 (base 15) to base 4
102112
36f1 (base 16) to base 9
21257
-13231 (base 9) to base 8
-21352
What is -2034000 (base 5) in base 10?
-33625
What is -d (base 14) in base 8?
-15
What is -1013 (base 14) in base 6?
-20441
Convert -31236 (base 9) to base 5.
-1124412
Convert -4221 (base 11) to base 13.
-270c
Convert 20020 (base 3) to base 6.
440
What is -12d (base 14) in base 5?
-1422
What is 795 (base 10) in base 9?
1073
What is -202111 (base 3) in base 10?
-553
41214 (base 5) to base 2
101001111100
Convert -31c (base 14) to base 6.
-2502
What is -40204 (base 8) in base 6?
-204244
Convert 11110101001001 (base 2) to base 15.
49ae
Convert 10110000110 (base 2) to base 6.
10314
Convert 654 (base 14) to base 4.
103202
Convert -10526 (base 7) to base 12.
-1662
Convert 10513 (base 8) to base 7.
15623
What is -20182 (base 9) in base 10?
-13277
Convert -650 (base 8) to base 11.
-356
What is 1110110011 (base 2) in base 13?
57b
What is 2250 (base 7) in base 12?
583
What is 8727 (base 16) in base 2?
1000011100100111
What is 424 (base 7) in base 11?
185
What is -3332 (base 7) in base 4?
-102233
Convert -1221102110 (base 3) to base 10.
-38217
Convert -12202 (base 3) to base 2.
-10011011
What is 700 (base 9) in base 14?
2c7
Convert 1069 (base 10) to base 5.
13234
Convert 1df (base 16) to base 9.
582
What is -1a8 (base 13) in base 14?
-17d
6275 (base 10) to base 11
4795
-160645 (base 7) to base 11
-21773
57b2 (base 15) to base 12
a935
What is -1853 (base 9) in base 6?
-10333
c3f (base 16) to base 12
1993
What is -287 (base 10) in base 14?
-167
Convert -7bee (base 15) to base 8.
-63324
What is 4525 (base 13) in base 12?
5714
What is 3444 (base 6) in base 8?
1464
What is 450a (base 11) in base 3?
22010222
-17520 (base 9) to base 12
-6bb3
What is -1002112021 (base 3) in base 7?
-116521
6dd (base 16) to base 2
11011011101
Convert -1306 (base 10) to base 6.
-10014
-1425 (base 12) to base 10
-2333
What is 5500 (base 7) in base 5?
30320
-11230120 (base 4) to base 8
-55430
Convert -11010000011 (base 2) to base 16.
-683
2006 (base 8) to base 6
4434
-11363 (base 13) to base 8
-75162
What is 2112001 (base 3) in base 5?
24322
-1230 (base 9) to base 13
-558
Convert -45413 (base 6) to base 11.
-4904
-250 (base 10) to base 12
-18a
Convert 2544 (base 8) to base 16.
564
-1030202 (base 4) to base 14
-1adc
Convert 13712 (base 10) to base 7.
54656
Convert -1424 (base 5) to base 12.
-17b
Convert 873 (base 12) to base 9.
1626
-517 (base 13) to base 15
-3ca
What is -5073 (base 10) in base 12?
-2b29